-30.
57
(11 - -5 - -7) + -7 + 6 + -1
21
What is the value of -33 + -78 - (10 - 49)?
-72
What is the value of 34 - (-10 - (48 - 51 - (-2 - 3)))?
46
Evaluate -55 + (100 - -13) + -19.
39
(6 - -60) + (-4 - (-14 - -2)) + -9 + -1
64
3 - ((-27 - -18) + 36 + -67)
43
-43 + 14 + 136 + -79
28
What is the value of -113 - ((-41 - -62) + -101)?
-33
Calculate (-3 - 18) + (-14 - -2 - (145 + -149)).
-29
What is the value of 21 - (2 + -25 + (-28 - -38))?
34
What is the value of -50 - ((-40 - 25) + 42)?
-27
((-43 - 0) + 25 - -16) + -4 + 39 + 3
36
What is 23 - (1 - (3 + 1 + 0 - 19))?
7
What is the value of -20 - -7 - (-27 + 50) - 13?
-49
Calculate (-24 - (-2 - 18)) + 7 - (0 + -55 - 0).
58
Evaluate -7 + -5 + 39 + -960 + 977.
44
Calculate ((39 - 27) + 81 - 34) + -30.
29
Evaluate -5 + 5 + 12 + -32 - -16.
-4
Calculate -89 - (24 - (185 - 27)).
45
What is the value of -7 + 40 + (-1 - (17 - 13)) + -1?
27
Evaluate 18 + (2 - ((-4 - 12) + 34)) - (2 - 63).
63
(-33 - (-3 - 8) - -42) + 6
26
What is 3781 - 3827 - (-49 + 0)?
3
-139 - 10 - -60 - -188
99
21 + (-4 - 11) + -307 + 335
34
What is -11 - 0 - (-2 + 0 - 0) - (-373311 - -373211)?
91
-7 - (-23 + 28 - 20)
8
What is the value of (-23 - -4) + 2 + 13 - (-1 + -3 + -82)?
82
What is 13 - (21 + -56) - 89?
-41
Calculate -5 + 5 + (142 + -186 - (-2 - 0)).
-42
1 + -5 + 152 - 49
99
What is -21 + (-8 - (-12 - -2)) + 68 + -29?
20
(1 - -152) + 13757 + -13888
22
Calculate (29 - (5 - -13)) + (13 - 3) - 76.
-55
53 + (-1 - -12) + 2 + -2328 + 2302
40
What is the value of (81 - -3) + -41 - (40 - 10)?
13
What is -52 + 2 + (19 - -6) + 55?
30
What is the value of (122 - 29) + -59 + (36 - 10)?
60
What is the value of -31 + (-2 - -2) - (2779 - 2785)?
-25
Calculate 171 - -94 - 126 - 56.
83
Evaluate -24 + (24 - -37) + 1.
38
-9 - (1 + 4 + 6 + -10) - (-72 + -1)
63
-109 - (17 - 95) - 122
-153
-49 + 45 + -25 - (-1 + 56)
-84
-8 + 5 + (3 + -4 - -7) - (143 + -120)
-20
What is 119 + -130 - (-9 + (8 + -14 - -17))?
-13
What is the value of (17 - (-4 - -2)) + (40 - (157 - -26))?
-124
What is 33 + -3 + 10 + (-16 - (-7 - -3))?
28
What is 1 + (10 - ((-7 + 15 - 15) + 64) - 15)?
-61
Calculate (-5 + -114 - -117) + -2 + 1 + -1.
-4
What is (-8 - 82) + -3 + (12 - (6 - -3))?
-90
What is (-40 + -93 - -58) + 65 + 26 + -1?
15
What is the value of -59 + -22 - (47 + -119)?
-9
Calculate 0 + 4 + 19 + (-18 - -12) + -18.
-1
Evaluate (-85 - -59) + -43 + 72.
3
Calculate -32 + -10 + 48 + 1.
7
What is the value of 75 - -61 - 156 - -116?
96
What is (7 - (6 - -1) - -12) + (53 - 5)?
60
What is the value of 54 + (-20 - -26) + -2 + 9?
67
Evaluate (-138 - -35) + 76 + -35.
-62
Evaluate -773 - -822 - (-3 - -83).
-31
What is 5 - 6 - -5 - ((-6 - (-14 + 5)) + -58)?
59
Calculate -25 + 51 + (-33 - -18) + -79.
-68
Evaluate (-73 - -63) + -8 + (3 - -10) - 1.
-6
(-4 - 3 - (-31 + -11)) + -9 - -3
29
Calculate -151 - (-36 - 79) - (-2 + -8).
-26
Calculate 253 - 227 - (-43 + -1).
70
Calculate -32 - -96 - 70 - (0 - 6).
0
Evaluate (11 - (2 + 4)) + (-9 - -2) + 11 + -38.
-29
What is the value of -10 - (98 - (-87 + 230))?
35
(-7 - -2 - (57 + -2)) + 25 + 2 + -17
-50
Evaluate (-35 - (5 - (16 - -22))) + -10 + -2.
-14
Evaluate (-180 - 46) + 124 + 70.
-32
What is the value of -116 + 96 + (39 - (-9 - -5) - -11)?
34
5 + -19 + 33 + -7 + -2 + 9
19
Evaluate 1 - 1 - (20 - (-9 - (7 - 21))).
-15
What is 10 - ((27 - -6) + 3 + 32)?
-58
What is (16 - (-13 - -23)) + -2 + -1 + -6 - 13?
-16
Calculate -26 + (40 - 46) + -3.
-35
What is 1203 - 1231 - (-5 + -40)?
17
Calculate (-89 + 83 - (-46 + 2)) + 3.
41
What is 103 - (313 - 59) - -35?
-116
What is the value of -56 + (30 + -76 - -48)?
-54
Evaluate (59 - (86 + 151)) + 109.
-69
42 + 20 + (10 - 19 - 6) - -14
61
Evaluate -14 + 43 + (-24 - -4 - 6).
3
Calculate -1262 + 1303 + -102 + 2.
-59
(-22 - (0 + 1)) + 1773 + -1797
-47
What is 9 + -9 + 25 - (498 + -514)?
41
What is -24 - 5 - (-3600 - -3453)?
118
Calculate -3 + 1 + (4 - 9) + -20 + -6 - 6.
-39
Calculate 21 + 93 + -254 - (-2 - 43).
-95
-8 - ((-71 - -41) + 21)
1
What is the value of -85 + 2 + -2 - (-38 + 26 + (48 - 46))?
-75
What is 27 + 42 + -23 + (-47 - -1)?
0
(-33 - (-90 + 1)) + 7
63
Evaluate 115 + -10 + -32 + 8 + (-52 - -67).
96
Evaluate (25 - (-10 - (9 - 19))) + 0 + 2.
27
What is the value of -46 + -55 - -47 - -86?
32
(11 + -11 - -65 - 17) + -4 + 8
52
Calculate 1770 + -1822 - (0 - 35).
-17
Evaluate (-90 - -94) + (-6 - ((4 - 4) + -4)) - -1.
3
What is -1523 - -1521 - (38 + -1)?
-39
59 - (7 + -3) - 4 - (33 - 36)
54
Evaluate -2335 - -2332 - (0 + 12 - 1).
-14
What is -12 - (14 + -1 + (36 - 14 - 30))?
-17
Calculate -2834 - -3090 - (136 - -2).
118
Calculate 147 + (78 + 54 - 289).
-10
30 - (-20 + 50 + -17) - -12
29
-822 + 727 - (-26 + 5)
-74
What is the value of (184 - (35 + 119)) + 2 + 64?
96
What is the value of (21 - (-34 + 55)) + 46?
46
Calculate -41 + (83 - (-54 - -56)).
40
Evaluate -4 + 0 + -2 - ((7 - (-5 - 41)) + -30).
-29
Calculate 10 - (0 - 0 - -3 - (-15 - (26 - -3))).
-37
What is 165 + 29 + (1 - 116)?
79
What is the value of (82 - (-1 + (-5 - -3))) + (64 - -13 - 61)?
101
What is the value of 2444 + -2521 - ((-2 - -2) + -26)?
-51
Evaluate (-4 - 4) + -392 + 411 + (1 - -37).
49
1 + 15 + -14 + (-4 - (-47 + 20))
25
-36 + -115 + 267 - 55
61
What is -20 + (35 + -27 - 24) + 60?
24
10 - (12 + -14) - ((-4 - 4) + 70)
-50
What is -33 + (6 - (-2 + 9 + 8 + -19))?
-23
Calculate -62 + (3 - 8) + 13.
-54
Evaluate (37 - 8) + -20 + -17 - (-2 - 54 - -2).
46
-148 - (105 + -36 - 108)
-109
What is the value of 5 - (-53 - (-13 - (13 + -30)))?
62
-26529 - -26585 - ((-3 - 1) + (-1 - -3 - 1))
59
What is -10 + (-59 - -2) + (-11 - 3 - -3) + 19?
-59
Calculate 101 + -150 - (2 - (-7 + 16)).
-42
Evaluate 26 + (5 - 5) + (6 - 22).
10
Calculate 49 + (13 + -50 - -27).
39
Calculate ((21 - 5) + -4 - (48 - 78)) + 7.
49
Evaluate -66 - (-25 + -51 - -26 - -14).
-30
(-21 - ((1 - 52) + (-439 - -445))) + 121
145
Calculate 8 - -8 - 32 - (-1 - -7).
-22
What is 5 - 7 - (-4 + -3 + (3 - 9 - -4))?
7
Calculate 22 - (7 + -33 + 94) - 16.
-62
What is (33 + -35 + 4 + 63 - (1 + 1)) + 12?
75
What is the value of (-19 - (-13 + -3) - (9 - 3)) + 62?
53
What is 3 + -68 + -2746 + 2945?
134
Evaluate (-21 + 16 - 0) + 5 + 21.
21
What is (-176 - -223) + -52 + -1?
-6
What is the value of 4 + ((408 - 390) + (-1 - 13) - -10)?
18
24 + -19 + 10 + 13 - 5
23
-415 + 15 - -103 - -150
-147
Calculate -55 + 74 - (53 - 3).
-31
((-26 - -11 - -5) + -3 - -62) + -13
36
8 + (0 - -84 - (13 - 2 - (-258 + 262)))
85
12 + (-261 - -250) + (0 - -3)
4
Evaluate 2 + (-26 - -1) + (0 - 16 - 3 - -25).
-17
Evaluate (-11 - -18 - (14 - 3 - -2)) + (-1 - -80).
73
-2 + 21 - (-1 + 19 + -17 + (1 - -2))
15
What is 27 + -16 + 7 - (6 - 12 - 14)?
38
Evaluate 9 + -3 + -2 + (-1 + -7 - (-12 + -4)).
12
Evaluate -4 + 4 - (63 - (-5 + 19) - (-1 - 1)).
-51
Calculate -2 + (0 - -2) - (8 + -25 - (-13 - -8)).
12
Calculate 73 - (0 + -14 + (6 - 1) + (221 - 212)).
73
-107 - (-2 - (30 - 29 - (2 - (15 - 6))))
-97
What is the value of 61 + (-146 - 22) + 60?
-47
What is the value of 43 + 5 + 6 + -3 - (500 + -510)?
61
(12 - (9 - 56)) + (8 - 12 - -18)
73
What is -63 + (13 + (2 - 6) - (26 + -6))?
-74
Calculate -12 + 24 - (-4 - (0 - 31)).
-15
What is 13 - (-4 - -27) - -25 - (65 + -10)?
-40
What is (-10 - -22 - (-54 - -10)) + 4 - -5?
65
What is -97 + 6 - -7 - (-5 + 15 + -14)?
-80
What is the value of -61 + (-61 - (-77 - (-7 + -25)))?
-77
Evaluate -27 + 7 + 25 + -12 + -16.
-23
Calculate -83 + (80 - 9) + (-2 - (3 + -2)) + 3.
-12
What is (0 - (-55 + 157)) + 61?
-41
Calculate 6 + ((25 - -8) + 1 - -2) + 0.
42
What is 12 - (0 + 13 + 1 - (1 + 51 + -10))?
40
What is 20 - (1 + -5 + 55 + -83 + 32)?
20
Calculate 73 - ((-3 - 2) + -8) - ((-10 - 1) + 6).
91
Calculate 152 - 57 - 137 - 77.
-119
What is the value of 20 + (-8 - (8 - 5)) + 8 - -5 - -10?
32
-25 + (-33 + 46 - -52)
40
What is 19 + 2 + (8 - (-1 - 5) - 7)?
28
What is the value of 42 + -30 + (-1 + 3 + -31 - (-131 - -130))?
-16
What is 56 + (-14 - ((1 - 2) + (169 - 179)))?
53
(1 + 4 - 27) + 76
54
What is the value of (32 - 13 - 30) + 39?
28
Calculate ((-23 - -58) + -49 - (-1 - 20)) + -13.
-6
Calculate -22 + 7 + (-43 - -40).
-18
What is 39 - (-82 + 32 + 89)?
0
Calculate (22 + 1 - (-130 - (-152 + 22))) + -123.
-100
What is 1 - -1 - (-4 - -5 - 6 - (-53 + -40))?
-86
Calculate 7 + 22 + -14 + -25 + (34 - -2).
26
Calculate 